tors of n.
2, 7, 43
Suppose 239726 - 36986 = 31*v. What are the prime factors of v?
2, 3, 5, 109
Let b = -1858 + 1858. Let i(k) be the first derivative of k**3/3 + 2*k**2 + 91*k + 3. List the prime factors of i(b).
7, 13
Suppose 346*s + 88 = 354*s. Suppose -s*z + 9234 = -4252. What are the prime factors of z?
2, 613
Let t be -4*(-49 + 0) - 3/(-3). Let c = t + -50. Suppose 145*v + 572 = c*v. List the prime factors of v.
2, 11, 13
Suppose 0 = -l - 6*l + 14. Suppose 4*a - 5*f - 329 = 0, -7*a + l*a - 2*f = -436. Let j = 175 - a. What are the prime factors of j?
89
Suppose -k + 32 + 17 = -4*r, -4*k + 226 = -r. Let c = 61 + 151. Suppose -59*y = -k*y - c. List the prime factors of y.
2, 53
Suppose -3*y + 13*y - 1410 = 0. Let z = y + -136. Let w(r) = 2*r + 55. List the prime factors of w(z).
5, 13
Let s(f) = -20*f - 104. Let y be s(-6). Suppose -y*q = -23*q + 819. What are the prime factors of q?
3, 13
Let r(c) = 757*c - 6709. List the prime factors of r(76).
3, 5647
Let b = -10405 + 16093. List the prime factors of b.
2, 3, 79
Let m(k) = k**3 + 9*k**2 + 7*k + 15. Let x be m(-8). Let s = x + 7. Let f = 63 - s. What are the prime factors of f?
3, 11
Suppose 13706 = 68*p - 54*p. List the prime factors of p.
11, 89
Let y be ((-66)/15 - -3)*-5. Suppose y*u - 8*u = -335. What are the prime factors of u?
5, 67
Let s(w) = w**2 + 2*w - 10. Let p be s(-4). What are the prime factors of (p - -5)*62/3?
2, 31
List the prime factors of (-3)/((-6)/(-16)) + (1229 - -1061).
2, 7, 163
List the prime factors of 12223 + (-3)/(42/(-238)).
2, 3, 5, 17
Let h(w) = -2*w**3 - 42*w**2 - 90*w - 77. Let o be h(-33). Suppose 51*q - 10751 = o. List the prime factors of q.
2, 3, 5, 13
Let a = 11 + -71. Let x = -56 - a. Suppose -9*s + x*s = -460. What are the prime factors of s?
2, 23
Suppose -1110048 = -87968*w + 87937*w. List the prime factors of w.
2, 3, 373
Suppose -24 = -6*s - 24. Suppose 58*t - 50*t - 9552 = s. List the prime factors of t.
2, 3, 199
Suppose -91 = -5*s + 2*k, k = -3*s - 0*k + 48. Suppose -14 = s*v - 10*v. List the prime factors of (-2445)/(-10) - 5/v.
13, 19
Let f(q) = 248*q**2 + 53*q - 255. What are the prime factors of f(6)?
3, 37
Let n(s) = 5 + 2 + 0 - 6 - 2*s. Let f be n(0). What are the prime factors of f/(-2) + (-2 - 3282/(-12))?
271
Suppose -217*w - 257*w + 8493178 = -28*w. List the prime factors of w.
137, 139
Let p(x) = 19*x - 8. Let q be p(1). Let i(y) = y + 10 + 8 - 3 + q. List the prime factors of i(-13).
13
Suppose -22*k - 2*g + 1370404 = 0, 0 = -16*k + 19*k - 4*g - 186869. List the prime factors of k.
167, 373
Suppose 4*i - 22*l - 16298 = -27*l, 4*i = 5*l + 16318. List the prime factors of i.
3, 151
Suppose 11*p - 76 = -8*p. Suppose 0 = 5*x - p*n - 2842, -x = -30*n + 29*n - 568. List the prime factors of x.
2, 3, 5, 19
Suppose 0 = 38*z - 35*z - 6. List the prime factors of z*-2*(-18 + -35).
2, 53
Suppose -5*y + 11679 = -5*v - 24076, y = -3*v + 7147. List the prime factors of y.
2, 5, 11, 13
Suppose 21*k - 22458 = -2*j + 17*k, 16*k + 56171 = 5*j. List the prime factors of j.
11, 1021
Let l(s) = -s + 13. Let t be l(9). Suppose c + t*n + 700 = 3*c, -2*n = -3*c + 1030. What are the prime factors of c?
2, 5, 17
Let a(c) = -3*c - 72. Let o be a(-24). Suppose 9*u + 18*u - 11043 = o. What are the prime factors of u?
409
Let a(q) = q**2 + 3*q + 6. Let h be a(-2). Suppose -1 = -h*c + 11, 5*t - 4663 = -c. Suppose 3*w + 678 = 3*g, -3*g = g + 3*w - t. List the prime factors of g.
2, 5, 23
Suppose 0 + 50 = 5*o. What are the prime factors of 4/o*9590/7*1?
2, 137
Let d(p) = 382*p - 8733. What are the prime factors of d(80)?
13, 23, 73
Let l be ((6/(-8))/3)/(1/(-12)). Suppose 0 = -2*p + l*j + 1, -4 = -3*p + 2*p - 2*j. List the prime factors of p/8 - (6 + 1526/(-8)).
5, 37
Let h = 94 - 106. Let c(o) = -o**2 - 31*o + 13. What are the prime factors of c(h)?
241
Let d(i) = 12*i**2 - 29*i + 30977. What are the prime factors of d(0)?
30977
What are the prime factors of (96/120)/((4 + -9)/(-134325))?
2, 3, 199
Let l = -45 + 13. Let j be (-1)/(-2) + 16/l. Suppose j = 2*k - 7*k + 175. What are the prime factors of k?
5, 7
Let q be 4*(-6)/36 - (-22)/6. Suppose -q*f + 72 = 5*f. Let y(i) = -i**2 + 14*i - 20. List the prime factors of y(f).
5
Let d(y) = 429*y**3 + y**2 + 99*y - 329. List the prime factors of d(4).
27539
Let i = -22 - -106. Let o = i + 62. List the prime factors of o.
2, 73
What are the prime factors of (13843232/(-56))/(-13) - (-2 - 10/(-7))?
2, 2377
Suppose -2802264 = -43*l - 259631. List the prime factors of l.
29, 2039
Let h(w) = w**2 + 17*w + 32. Let p be h(-16). Suppose 4*j = -4*f - 32, -4*j + 0 - p = 0. What are the prime factors of f/22 + 1896/22 + 3?
89
Let x(v) = v**3 + 6*v**2 - 3*v - 6. Let d be x(-6). Let g be (d/(-24))/((-1)/14). Let f(u) = 4*u - 5. List the prime factors of f(g).
23
Let c be (-56)/(-35) - 1 - 1138/5. Let x = 113 + c. Let q = 17 - x. What are the prime factors of q?
131
Suppose -736*i + 729*i = -42091. What are the prime factors of i?
7, 859
Suppose -34 = -3*t - 16. Suppose 66*j + t = 69*j. Suppose j*l + 3*l = 15, -g + l = -47. List the prime factors of g.
2, 5
Let v(r) = -5*r + 4. Let i be v(1). List the prime factors of ((-13)/(16 + -3))/(i/467).
467
Let t(v) = 349*v**2 - 11*v - 12. Suppose 0*m = -4*m - 4*r, -m + 5*r - 6 = 0. List the prime factors of t(m).
2, 3, 29
Let x(r) = -52*r + 4. Let m be x(-2). Suppose -m = 5*b - 2*b. Let j = 18 - b. List the prime factors of j.
2, 3
Suppose 1002 + 5573 = 5*c. Suppose -1184 = -3*f + c. Suppose -11*m + 4*m = -f. What are the prime factors of m?
7, 17
Suppose -3*v + 2*k = -78766, 563*v - 566*v = -3*k - 78771. List the prime factors of v.
2, 6563
Suppose -q - q - 120 = 0. Let k be 4/(-10) + q/(-25). Let v = 22 - k. List the prime factors of v.
2, 5
Let s(p) = 0*p**3 + 9 + 261*p**2 - 267*p**2 + 5 + p**3 + 11*p. List the prime factors of s(6).
2, 5
Let h(w) = -w**3 + w**2 - 4*w + 425. Suppose 15*l = 17*l. What are the prime factors of h(l)?
5, 17
Let u(q) = -5*q**2 - 3*q + 1. Let s be u(1). Let z(m) = -3*m - 4. Let y be z(s). Let n = y - 4. List the prime factors of n.
13
Suppose 2*b + 3*b = -2*r + 131, 0 = 4*b - 3*r - 114. Let t be (-20)/(-12)*b/15. Suppose -2*v - 380 = -2*g, -t*g - 2*v - 286 = -851. List the prime factors of g.
3, 7
Suppose -7652 + 69212 = 10*q. List the prime factors of q.
2, 3, 19
Suppose -n - 10*k + 46578 = 0, 10 = -107*k + 109*k. What are the prime factors of n?
2, 727
List the prime factors of 12219 + 182 - (14/(-6))/(2/6).
2, 3, 11, 47
Suppose 0 = -15*b - 0*b + 450. What are the prime factors of 5464/b - (-4)/(-30)?
2, 7, 13
Suppose 3*z - 77 = -2*i + 49, -4*i - 5*z + 250 = 0. Suppose 64*x = i*x + 40. What are the prime factors of x?
2, 5
Let a(p) = 2*p**3 - 9*p**2 + 4*p + 7. Let r(g) = 7*g + 9. Let x(i) = 6*i + 10. Let h(k) = 4*r(k) - 5*x(k). Let d be h(-9). List the prime factors of a(d).
7
Let t be 8/(-24) - 14440/(-3) - 5. Suppose -g + t = 3*g. What are the prime factors of g?
2, 601
Let z be 1 + 8/(32/12). What are the prime factors of ((-11)/z)/((-43)/15136)?
2, 11
Let t = 627 - 434. Let s = t + -46. What are the prime factors of s?
3, 7
Let i(v) = 23*v**2 + 66*v - 897. What are the prime factors of i(11)?
2, 653
Suppose -13*w = 4*l - 10*w - 1492, -3*l - w = -1124. Let a = l + 295. What are the prime factors of a?
11, 61
Suppose -3*n - 11*n + 48630 = -114638. List the prime factors of n.
2, 7, 17
Suppose -3*v + 18 = -h, h = 3*h + 6. Suppose 15 = -v*o, -s - 38 + 153 = -5*o. List the prime factors of s.
2, 5
Let h = -38 + -25. Let q = -54 - h. What are the prime factors of (0 + 6)*123/q?
2, 41
Let j(x) be the first derivative of 9*x**2/2 + 11*x + 27. Suppose -4*y + 0*y + 36 = 0. What are the prime factors of j(y)?
2, 23
Let r(l) = 2*l**3 - 15*l**2 + 7*l - 7. Let p = 47 - 41. Let f be r(p). Let o = -14 - f. List the prime factors of o.
59
Suppose 0 = -11*l + 14*l - s - 3576, -3*l = s - 3570. Let m = l + -532. What are the prime factors of m?
659
What are the prime factors of (-323)/85 + (-288029)/(-5)?
2, 83, 347
Let k(y) be the first derivative of y**6/360 + y**5/40 - y**4/4 + 3*y**3 + 13. Let l(c) be the third derivative of k(c). List the prime factors of l(7).
2
Let y = -23496 + 41874. What are the prime factors of y?
2, 3, 1021
Let r = -6567 + 9503. List th